 is divided by 195.
193
Calculate the remainder when 2108 is divided by 987.
134
What is the remainder when 132798 is divided by 12?
6
Calculate the remainder when 20957 is divided by 32.
29
What is the remainder when 2067 is divided by 930?
207
Calculate the remainder when 7003 is divided by 271.
228
What is the remainder when 4544 is divided by 1503?
35
What is the remainder when 62695 is divided by 53?
49
Calculate the remainder when 117792 is divided by 117785.
7
What is the remainder when 3718 is divided by 58?
6
Calculate the remainder when 636 is divided by 10.
6
Calculate the remainder when 44331 is divided by 751.
22
What is the remainder when 778 is divided by 58?
24
Calculate the remainder when 4868 is divided by 203.
199
Calculate the remainder when 42038 is divided by 14.
10
Calculate the remainder when 2135 is divided by 354.
11
Calculate the remainder when 5215 is divided by 150.
115
Calculate the remainder when 16339 is divided by 195.
154
Calculate the remainder when 1283 is divided by 1219.
64
What is the remainder when 21318 is divided by 45?
33
What is the remainder when 7908 is divided by 44?
32
What is the remainder when 5800 is divided by 15?
10
Calculate the remainder when 1845 is divided by 250.
95
Calculate the remainder when 557826 is divided by 31.
12
What is the remainder when 3556 is divided by 353?
26
What is the remainder when 13562 is divided by 20?
2
Calculate the remainder when 4619 is divided by 4536.
83
Calculate the remainder when 11203 is divided by 87.
67
What is the remainder when 5933 is divided by 1972?
17
What is the remainder when 85016 is divided by 15?
11
What is the remainder when 233396 is divided by 38899?
2
Calculate the remainder when 2533 is divided by 264.
157
Calculate the remainder when 487728 is divided by 21205.
13
What is the remainder when 798 is divided by 110?
28
Calculate the remainder when 938 is divided by 253.
179
What is the remainder when 15425 is divided by 748?
465
Calculate the remainder when 82574 is divided by 10317.
38
What is the remainder when 8008 is divided by 2665?
13
What is the remainder when 9353 is divided by 199?
0
What is the remainder when 58241 is divided by 33?
29
What is the remainder when 86527 is divided by 48?
31
What is the remainder when 101661 is divided by 36?
33
Calculate the remainder when 48829 is divided by 167.
65
Calculate the remainder when 33061 is divided by 56.
21
What is the remainder when 51153 is divided by 13?
11
Calculate the remainder when 17792 is divided by 5930.
2
Calculate the remainder when 6714 is divided by 2205.
99
What is the remainder when 15586 is divided by 974?
2
What is the remainder when 1264 is divided by 419?
7
Calculate the remainder when 11806 is divided by 41.
39
Calculate the remainder when 101803 is divided by 717.
706
What is the remainder when 233463 is divided by 58364?
7
What is the remainder when 12495 is divided by 238?
119
What is the remainder when 15898 is divided by 100?
98
What is the remainder when 13166 is divided by 74?
68
What is the remainder when 6290 is divided by 523?
14
What is the remainder when 8422 is divided by 2091?
58
What is the remainder when 90472 is divided by 7?
4
Calculate the remainder when 45886 is divided by 22942.
2
What is the remainder when 14620 is divided by 23?
15
Calculate the remainder when 453695 is divided by 15123.
5
What is the remainder when 4395 is divided by 2832?
1563
What is the remainder when 52410 is divided by 21?
15
What is the remainder when 3638 is divided by 522?
506
Calculate the remainder when 34042 is divided by 270.
22
Calculate the remainder when 1573 is divided by 359.
137
Calculate the remainder when 3565 is divided by 56.
37
Calculate the remainder when 3658 is divided by 26.
18
Calculate the remainder when 106391 is divided by 39.
38
What is the remainder when 66098 is divided by 160?
18
What is the remainder when 27905 is divided by 1744?
1
Calculate the remainder when 1460088 is divided by 5196.
12
Calculate the remainder when 16478 is divided by 48.
14
Calculate the remainder when 79119 is divided by 344.
343
What is the remainder when 40505 is divided by 193?
168
What is the remainder when 10967 is divided by 7?
5
What is the remainder when 29033 is divided by 630?
53
What is the remainder when 6768 is divided by 41?
3
Calculate the remainder when 68389 is divided by 147.
34
Calculate the remainder when 20454 is divided by 158.
72
What is the remainder when 813 is divided by 112?
29
Calculate the remainder when 21314 is divided by 67.
8
Calculate the remainder when 368542 is divided by 11.
9
Calculate the remainder when 145242 is divided by 23.
20
What is the remainder when 49501 is divided by 1977?
76
What is the remainder when 5981 is divided by 995?
11
Calculate the remainder when 533009 is divided by 163.
162
Calculate the remainder when 2700 is divided by 896.
12
Calculate the remainder when 87174 is divided by 43.
13
What is the remainder when 6388 is divided by 912?
4
Calculate the remainder when 476226 is divided by 161.
149
Calculate the remainder when 17043 is divided by 28.
19
What is the remainder when 27015 is divided by 344?
183
What is the remainder when 1443 is divided by 499?
445
Calculate the remainder when 17145 is divided by 163.
30
What is the remainder when 20596 is divided by 10283?
30
What is the remainder when 9393 is divided by 2004?
1377
Calculate the remainder when 49613 is divided by 3542.
25
Calculate the remainder when 747 is divided by 225.
72
What is the remainder when 28657 is divided by 125?
32
Calculate the remainder when 242711 is divided by 1651.
14
Calculate the remainder when 4591 is divided by 185.
151
Calculate the remainder when 188 is divided by 57.
17
Calculate the remainder when 104 is divided by 57.
47
What is the remainder when 1084288 is divided by 235?
233
What is the remainder when 4966 is divided by 888?
526
What is the remainder when 55049 is divided by 372?
365
Calculate the remainder when 836 is divided by 158.
46
What is the remainder when 64869 is divided by 299?
285
Calculate the remainder when 1786 is divided by 1738.
48
Calculate the remainder when 25258 is divided by 2524.
18
Calculate the remainder when 18099 is divided by 185.
154
Calculate the remainder when 55791 is divided by 929.
51
Calculate the remainder when 22028 is divided by 1572.
20
Calculate the remainder when 17513 is divided by 4.
1
What is the remainder when 20123 is divided by 10011?
101
What is the remainder when 4387 is divided by 1457?
16
What is the remainder when 120905 is divided by 54?
53
Calculate the remainder when 342808 is divided by 68545.
83
What is the remainder when 33809 is divided by 483?
482
What is the remainder when 1864 is divided by 464?
8
What is the remainder when 324 is divided by 31?
14
Calculate the remainder when 52175 is divided by 144.
47
Calculate the remainder when 2550 is divided by 630.
30
What is the remainder when 3558 is divided by 434?
86
Calculate the remainder when 79303 is divided by 515.
508
What is the remainder when 14723 is divided by 812?
107
What is the remainder when 575248 is divided by 628?
0
What is the remainder when 659337 is divided by 555?
552
What is the remainder when 2620798 is divided by 12?
10
Calculate the remainder when 26707 is divided by 424.
419
Calculate the remainder when 126917 is divided by 408.
29
What is the remainder when 3346 is divided by 45?
16
What is the remainder when 1916 is divided by 154?
68
Calculate the remainder when 42528 is divided by 36.
12
What is the remainder when 177070 is divided by 58?
54
What is the remainder when 19197 is divided by 6391?
24
What is the remainder when 34072 is divided by 5?
2
Calculate the remainder when 275603 is divided by 55.
53
What is the remainder when 3638 is divided by 151?
14
Calculate the remainder when 496127 is divided by 248061.
5
Calculate the remainder when 8093 is divided by 2021.
9
Calculate the remainder when 6693 is divided by 10.
3
Calculate the remainder when 60130 is divided by 771.
763
What is the remainder when 37848 is divided by 47?
13
What is the remainder when 5087 is divided by 23?
4
Calculate the remainder when 11659 is divided by 5336.
987
What is the remainder when 60